{"id":57608,"date":"2025-08-12T19:43:22","date_gmt":"2025-08-12T17:43:22","guid":{"rendered":"https:\/\/dvmbatiment.fr\/?page_id=57608"},"modified":"2025-08-12T19:43:22","modified_gmt":"2025-08-12T17:43:22","slug":"mentions-legales","status":"publish","type":"page","link":"https:\/\/dvmbatiment.fr\/index.php\/mentions-legales\/","title":{"rendered":"Mentions l\u00e9gales"},"content":{"rendered":"<p><em>En vigueur au 16 avril 2024<\/em><\/p>\n<ol>\n<li><strong> \u00c9diteur du site<\/strong><\/li>\n<\/ol>\n<p>Le pr\u00e9sent site internet, accessible \u00e0 l\u2019adresse\u00a0<strong><u><a href=\"http:\/\/www.dvmbatiment.fr\/\">www.dvmbatiment.fr<\/a><\/u><\/strong>, est \u00e9dit\u00e9 par :<\/p>\n<p><strong>DVM B\u00e2timent<\/strong><br \/>\nSARL au capital social de 8 200 \u20ac<br \/>\nSi\u00e8ge social : 629 Route de l\u2019\u00cele Delbe, 33190 FONTET \u2013 France<br \/>\nT\u00e9l\u00e9phone : 05 56 71 69 17<br \/>\nE-mail :\u00a0<u><a href=\"mailto:dovale.m@orange.fr\">dovale.m@orange.fr<\/a><\/u><br \/>\nSIREN : 521 377 226<br \/>\nRCS : Bordeaux B 521 377 226<br \/>\nNum\u00e9ro TVA intracommunautaire : FR 94521377226<br \/>\nResponsable de la publication :\u00a0<strong>Mario DO VALE GUIMARAES<\/strong><\/p>\n<ol start=\"2\">\n<li><strong> H\u00e9bergement<\/strong><\/li>\n<\/ol>\n<p>Le site est h\u00e9berg\u00e9 par :<\/p>\n<p><strong>OSIRYS Communication<\/strong><br \/>\nSIREN : 889 071 494<br \/>\nSi\u00e8ge social : 2 rue Malagenne \u2013 33290 BLANQUEFORT<br \/>\nE-mail : infos@osirys.fr<\/p>\n<ol start=\"3\">\n<li><strong> Activit\u00e9 \u2013 secteur r\u00e9glement\u00e9<\/strong><\/li>\n<\/ol>\n<p>DVM B\u00e2timent est une entreprise sp\u00e9cialis\u00e9e dans les travaux de construction et r\u00e9novation.<br \/>\nImmatriculation au R\u00e9pertoire des Commerces\u00a0: RCS : Bordeaux B 521 377 226<\/p>\n<p><strong>Garantie d\u00e9cennale<\/strong>\u00a0et\u00a0<strong>Responsabilit\u00e9 civile professionnelle<\/strong>\u00a0assur\u00e9es par :<br \/>\n<strong>Construction BATISSUR AXA<\/strong><\/p>\n<ol start=\"4\">\n<li><strong> Propri\u00e9t\u00e9 intellectuelle<\/strong><\/li>\n<\/ol>\n<p>L\u2019ensemble des \u00e9l\u00e9ments figurant sur ce site (textes, images, graphismes, logo, ic\u00f4nes, etc.) est prot\u00e9g\u00e9 par les lois en vigueur sur la propri\u00e9t\u00e9 intellectuelle.<br \/>\nToute reproduction, repr\u00e9sentation, modification, publication, adaptation de tout ou partie des \u00e9l\u00e9ments du site est interdite sans autorisation \u00e9crite pr\u00e9alable de DVM B\u00e2timent.<\/p>\n<ol start=\"5\">\n<li><strong> Donn\u00e9es personnelles (RGPD)<\/strong><\/li>\n<\/ol>\n<p>Les informations recueillies via le formulaire de contact sont destin\u00e9es uniquement \u00e0 la soci\u00e9t\u00e9 DVM B\u00e2timent et ne sont en aucun cas transmises \u00e0 des tiers.<br \/>\nConform\u00e9ment au R\u00e8glement G\u00e9n\u00e9ral sur la Protection des Donn\u00e9es (RGPD), vous disposez d\u2019un droit d\u2019acc\u00e8s, de rectification et de suppression de vos donn\u00e9es, que vous pouvez exercer en \u00e9crivant \u00e0\u00a0<strong><u><a href=\"mailto:dovale.m@orange.fr\">dovale.m@orange.fr<\/a><\/u><\/strong>.<br \/>\nVous pouvez \u00e9galement introduire une r\u00e9clamation aupr\u00e8s de la CNIL.<\/p>\n<ol start=\"6\">\n<li><strong> Cookies<\/strong><\/li>\n<\/ol>\n<p>Le site peut \u00eatre amen\u00e9 \u00e0 utiliser des cookies pour am\u00e9liorer l\u2019exp\u00e9rience utilisateur et r\u00e9aliser des mesures d\u2019audience. Vous pouvez \u00e0 tout moment configurer votre navigateur pour refuser ou limiter l\u2019utilisation des cookies.<\/p>\n<ol start=\"7\">\n<li><strong> Droit applicable<\/strong><\/li>\n<\/ol>\n<p>Le pr\u00e9sent site est soumis au droit fran\u00e7ais. En cas de litige, et sauf dispositions l\u00e9gales contraires, les tribunaux comp\u00e9tents seront ceux du ressort de\u00a0<strong>Bordeaux<\/strong>.<\/p>\n<p>&nbsp;<\/p>\n","protected":false},"excerpt":{"rendered":"<p>En vigueur au 16 avril 2024 \u00c9diteur du site Le pr\u00e9sent site internet, accessible \u00e0 l\u2019adresse\u00a0www.dvmbatiment.fr, est \u00e9dit\u00e9 par : DVM B\u00e2timent SARL au capital social de 8 200 \u20ac Si\u00e8ge social : 629 Route de l\u2019\u00cele Delbe, 33190 FONTET \u2013 France T\u00e9l\u00e9phone : 05&#8230;<\/p>\n","protected":false},"author":2,"featured_media":0,"parent":0,"menu_order":0,"comment_status":"closed","ping_status":"closed","template":"","meta":{"footnotes":""},"class_list":["post-57608","page","type-page","status-publish","hentry"],"yoast_head":"<!-- This site is optimized with the Yoast SEO plugin v22.4 - https:\/\/yoast.com\/wordpress\/plugins\/seo\/ -->\n<title>Mentions l\u00e9gales - DVM BATIMENT<\/title>\n<meta name=\"robots\" content=\"index, follow, max-snippet:-1, max-image-preview:large, max-video-preview:-1\" \/>\n<link rel=\"canonical\" href=\"https:\/\/dvmbatiment.fr\/index.php\/mentions-legales\/\" \/>\n<meta property=\"og:locale\" content=\"fr_FR\" \/>\n<meta property=\"og:type\" content=\"article\" \/>\n<meta property=\"og:title\" content=\"Mentions l\u00e9gales - DVM BATIMENT\" \/>\n<meta property=\"og:description\" content=\"En vigueur au 16 avril 2024 \u00c9diteur du site Le pr\u00e9sent site internet, accessible \u00e0 l\u2019adresse\u00a0www.dvmbatiment.fr, est \u00e9dit\u00e9 par : DVM B\u00e2timent SARL au capital social de 8 200 \u20ac Si\u00e8ge social : 629 Route de l\u2019\u00cele Delbe, 33190 FONTET \u2013 France T\u00e9l\u00e9phone : 05...\" \/>\n<meta property=\"og:url\" content=\"https:\/\/dvmbatiment.fr\/index.php\/mentions-legales\/\" \/>\n<meta property=\"og:site_name\" content=\"DVM BATIMENT\" \/>\n<meta name=\"twitter:card\" content=\"summary_large_image\" \/>\n<meta name=\"twitter:label1\" content=\"Dur\u00e9e de lecture estim\u00e9e\" \/>\n\t<meta name=\"twitter:data1\" content=\"2 minutes\" \/>\n<script type=\"application\/ld+json\" class=\"yoast-schema-graph\">{\"@context\":\"https:\/\/schema.org\",\"@graph\":[{\"@type\":\"WebPage\",\"@id\":\"https:\/\/dvmbatiment.fr\/index.php\/mentions-legales\/\",\"url\":\"https:\/\/dvmbatiment.fr\/index.php\/mentions-legales\/\",\"name\":\"Mentions l\u00e9gales - DVM BATIMENT\",\"isPartOf\":{\"@id\":\"https:\/\/dvmbatiment.fr\/#website\"},\"datePublished\":\"2025-08-12T17:43:22+00:00\",\"dateModified\":\"2025-08-12T17:43:22+00:00\",\"breadcrumb\":{\"@id\":\"https:\/\/dvmbatiment.fr\/index.php\/mentions-legales\/#breadcrumb\"},\"inLanguage\":\"fr-FR\",\"potentialAction\":[{\"@type\":\"ReadAction\",\"target\":[\"https:\/\/dvmbatiment.fr\/index.php\/mentions-legales\/\"]}]},{\"@type\":\"BreadcrumbList\",\"@id\":\"https:\/\/dvmbatiment.fr\/index.php\/mentions-legales\/#breadcrumb\",\"itemListElement\":[{\"@type\":\"ListItem\",\"position\":1,\"name\":\"Accueil\",\"item\":\"https:\/\/dvmbatiment.fr\/\"},{\"@type\":\"ListItem\",\"position\":2,\"name\":\"Mentions l\u00e9gales\"}]},{\"@type\":\"WebSite\",\"@id\":\"https:\/\/dvmbatiment.fr\/#website\",\"url\":\"https:\/\/dvmbatiment.fr\/\",\"name\":\"DVM BATIMENT\",\"description\":\"Ma\u00e7onnerie\",\"potentialAction\":[{\"@type\":\"SearchAction\",\"target\":{\"@type\":\"EntryPoint\",\"urlTemplate\":\"https:\/\/dvmbatiment.fr\/?s={search_term_string}\"},\"query-input\":\"required name=search_term_string\"}],\"inLanguage\":\"fr-FR\"}]}<\/script>\n<!-- \/ Yoast SEO plugin. -->","yoast_head_json":{"title":"Mentions l\u00e9gales - DVM BATIMENT","robots":{"index":"index","follow":"follow","max-snippet":"max-snippet:-1","max-image-preview":"max-image-preview:large","max-video-preview":"max-video-preview:-1"},"canonical":"https:\/\/dvmbatiment.fr\/index.php\/mentions-legales\/","og_locale":"fr_FR","og_type":"article","og_title":"Mentions l\u00e9gales - DVM BATIMENT","og_description":"En vigueur au 16 avril 2024 \u00c9diteur du site Le pr\u00e9sent site internet, accessible \u00e0 l\u2019adresse\u00a0www.dvmbatiment.fr, est \u00e9dit\u00e9 par : DVM B\u00e2timent SARL au capital social de 8 200 \u20ac Si\u00e8ge social : 629 Route de l\u2019\u00cele Delbe, 33190 FONTET \u2013 France T\u00e9l\u00e9phone : 05...","og_url":"https:\/\/dvmbatiment.fr\/index.php\/mentions-legales\/","og_site_name":"DVM BATIMENT","twitter_card":"summary_large_image","twitter_misc":{"Dur\u00e9e de lecture estim\u00e9e":"2 minutes"},"schema":{"@context":"https:\/\/schema.org","@graph":[{"@type":"WebPage","@id":"https:\/\/dvmbatiment.fr\/index.php\/mentions-legales\/","url":"https:\/\/dvmbatiment.fr\/index.php\/mentions-legales\/","name":"Mentions l\u00e9gales - DVM BATIMENT","isPartOf":{"@id":"https:\/\/dvmbatiment.fr\/#website"},"datePublished":"2025-08-12T17:43:22+00:00","dateModified":"2025-08-12T17:43:22+00:00","breadcrumb":{"@id":"https:\/\/dvmbatiment.fr\/index.php\/mentions-legales\/#breadcrumb"},"inLanguage":"fr-FR","potentialAction":[{"@type":"ReadAction","target":["https:\/\/dvmbatiment.fr\/index.php\/mentions-legales\/"]}]},{"@type":"BreadcrumbList","@id":"https:\/\/dvmbatiment.fr\/index.php\/mentions-legales\/#breadcrumb","itemListElement":[{"@type":"ListItem","position":1,"name":"Accueil","item":"https:\/\/dvmbatiment.fr\/"},{"@type":"ListItem","position":2,"name":"Mentions l\u00e9gales"}]},{"@type":"WebSite","@id":"https:\/\/dvmbatiment.fr\/#website","url":"https:\/\/dvmbatiment.fr\/","name":"DVM BATIMENT","description":"Ma\u00e7onnerie","potentialAction":[{"@type":"SearchAction","target":{"@type":"EntryPoint","urlTemplate":"https:\/\/dvmbatiment.fr\/?s={search_term_string}"},"query-input":"required name=search_term_string"}],"inLanguage":"fr-FR"}]}},"_links":{"self":[{"href":"https:\/\/dvmbatiment.fr\/index.php\/wp-json\/wp\/v2\/pages\/57608","targetHints":{"allow":["GET"]}}],"collection":[{"href":"https:\/\/dvmbatiment.fr\/index.php\/wp-json\/wp\/v2\/pages"}],"about":[{"href":"https:\/\/dvmbatiment.fr\/index.php\/wp-json\/wp\/v2\/types\/page"}],"author":[{"embeddable":true,"href":"https:\/\/dvmbatiment.fr\/index.php\/wp-json\/wp\/v2\/users\/2"}],"replies":[{"embeddable":true,"href":"https:\/\/dvmbatiment.fr\/index.php\/wp-json\/wp\/v2\/comments?post=57608"}],"version-history":[{"count":1,"href":"https:\/\/dvmbatiment.fr\/index.php\/wp-json\/wp\/v2\/pages\/57608\/revisions"}],"predecessor-version":[{"id":57609,"href":"https:\/\/dvmbatiment.fr\/index.php\/wp-json\/wp\/v2\/pages\/57608\/revisions\/57609"}],"wp:attachment":[{"href":"https:\/\/dvmbatiment.fr\/index.php\/wp-json\/wp\/v2\/media?parent=57608"}],"curies":[{"name":"wp","href":"https:\/\/api.w.org\/{rel}","templated":true}]}}